 number?
True
Is 407419 a composite number?
True
Is 187963 a prime number?
True
Is 2292041 composite?
False
Is 2191799 a composite number?
False
Is 1087543 prime?
True
Is 8501 a composite number?
False
Is 315109 a composite number?
False
Is 16477 a prime number?
True
Is 160541 a prime number?
True
Is 4609 a composite number?
True
Is 13259 a composite number?
False
Is 233021 a prime number?
True
Is 14165 a composite number?
True
Is 668663 a composite number?
True
Is 41867 composite?
True
Is 3643 prime?
True
Is 1931 prime?
True
Is 354911 a composite number?
False
Is 129341 a prime number?
True
Is 12459 a prime number?
False
Is 55147 composite?
False
Is 3665 prime?
False
Is 216437 a composite number?
True
Is 9719 prime?
True
Is 32393 prime?
False
Is 1409803 a prime number?
True
Is 1763579 a composite number?
False
Is 723467 a composite number?
False
Is 220291 a prime number?
True
Is 79657 a composite number?
False
Is 14903 composite?
True
Is 328337 composite?
True
Is 194743 a prime number?
False
Is 793069 a composite number?
False
Is 427 a prime number?
False
Is 18479 prime?
False
Is 210149 prime?
False
Is 1117 prime?
True
Is 1138 a prime number?
False
Is 75967 composite?
False
Is 37819 composite?
True
Is 72533 a composite number?
False
Is 13567 a prime number?
True
Is 5767 prime?
False
Is 1469 prime?
False
Is 14453 a composite number?
True
Is 61939 a prime number?
False
Is 908041 composite?
False
Is 54597 prime?
False
Is 45371 a composite number?
True
Is 138727 prime?
True
Is 57721 a prime number?
False
Is 74189 a prime number?
True
Is 197231 a prime number?
False
Is 12759 a composite number?
True
Is 581207 a composite number?
True
Is 144151 prime?
False
Is 5849 prime?
True
Is 339271 a prime number?
False
Is 149803 composite?
False
Is 89467 composite?
True
Is 164221 a composite number?
True
Is 1122203 a prime number?
False
Is 71233 composite?
False
Is 379777 prime?
True
Is 76381 a composite number?
True
Is 3857773 prime?
True
Is 597209 composite?
False
Is 7447 composite?
True
Is 252667 composite?
False
Is 13261 composite?
True
Is 5039 composite?
False
Is 9235 prime?
False
Is 198109 prime?
True
Is 677 composite?
False
Is 156007 composite?
False
Is 29947 a prime number?
True
Is 1075481 a prime number?
False
Is 10903 a composite number?
False
Is 46747 a composite number?
False
Is 152797 prime?
False
Is 19267 composite?
False
Is 228401 a prime number?
False
Is 72503 a composite number?
False
Is 52342 composite?
True
Is 736979 a prime number?
False
Is 2171 composite?
True
Is 5147 a composite number?
False
Is 18943 a composite number?
True
Is 1214011 a prime number?
True
Is 30523 a composite number?
True
Is 15661 a prime number?
True
Is 40787 prime?
True
Is 130373 a composite number?
True
Is 9157 a composite number?
False
Is 417811 a prime number?
True
Is 45553 a prime number?
True
Is 225569 composite?
False
Is 191599 a prime number?
True
Is 2459 composite?
False
Is 4553 a composite number?
True
Is 2799563 prime?
False
Is 48563 composite?
False
Is 15893 a prime number?
False
Is 11269 a prime number?
False
Is 90469 a prime number?
True
Is 25301 composite?
False
Is 16589 a composite number?
True
Is 35639 a prime number?
False
Is 25031 composite?
False
Is 51257 composite?
False
Is 63221 prime?
False
Is 5147 a prime number?
True
Is 89809 prime?
True
Is 3071 a composite number?
True
Is 339029 a prime number?
False
Is 99065 a prime number?
False
Is 166163 composite?
True
Is 3721 prime?
False
Is 778993 a composite number?
False
Is 48593 a composite number?
False
Is 162853 a prime number?
True
Is 35691 a composite number?
True
Is 119699 a composite number?
False
Is 5779 a composite number?
False
Is 15427 a prime number?
True
Is 91261 a composite number?
True
Is 51694 a composite number?
True
Is 54737 a composite number?
True
Is 12131 composite?
True
Is 210421 a prime number?
True
Is 249443 a composite number?
True
Is 287 composite?
True
Is 48437 composite?
False
Is 547 composite?
False
Is 1943 composite?
True
Is 83059 a composite number?
False
Is 12143 prime?
True
Is 75149 a composite number?
False
Is 728501 a prime number?
False
Is 23417 a prime number?
True
Is 4601 a prime number?
False
Is 1931 a composite number?
False
Is 2579 a prime number?
True
Is 22405 composite?
True
Is 211847 a composite number?
True
Is 1003 a composite number?
True
Is 5951 a composite number?
True
Is 20627 a composite number?
False
Is 6609 a prime number?
False
Is 63353 prime?
True
Is 137117 a prime number?
True
Is 3409 composite?
True
Is 342101 prime?
True
Is 986023 composite?
False
Is 21211 a prime number?
True
Is 54757 prime?
False
Is 26063 a prime number?
False
Is 505541 a composite number?
True
Is 81505 a prime number?
False
Is 1430587 prime?
True
Is 28789 a prime number?
True
Is 3827 composite?
True
Is 1333867 a prime number?
True
Is 16138 composite?
True
Is 1317323 a composite number?
True
Is 462481 a composite number?
False
Is 881679 a composite number?
True
Is 535751 prime?
True
Is 219229 composite?
True
Is 24407 a prime number?
True
Is 116833 composite?
False
Is 83621 composite?
False
Is 99547 prime?
False
Is 571673 a prime number?
True
Is 68863 prime?
True
Is 5113 a composite number?
False
Is 872317 a prime number?
True
Is 131209 prime?
False
Is 204101 a composite number?
False
Is 17729 prime?
True
Is 224003 a composite number?
True
Is 23813 prime?
True
Is 3863 prime?
True
Is 9197 a composite number?
True
Is 655637 a composite number?
False
Is 287129 a prime number?
False
Is 13157 a composite number?
True
Is 12667 composite?
True
Is 417461 prime?
False
Is 3593 a prime number?
True
Is 79031 composite?
False
Is 2772643 a composite number?
False
Is 101189 a prime number?
False
Is 3271 a composite number?
False
Is 194765 composite?
True
Is 266317 a composite number?
True
Is 3156797 composite?
True
Is 11185 composite?
True
Is 25513 a composite number?
True
Is 316333 a composite number?
True
Is 5919 composite?
True
Is 166 a composite number?
True
Is 1249913 composite?
True
Is 7993 prime?
True
Is 873637 a composite number?
True
Is 930637 prime?
True
Is 1831 a composite number?
False
Is 3527 a prime number?
True
Is 46 prime?
False
Is 227287 composite?
True
Is 1373839 composite?
False
Is 18539 a prime number?
True
Is 35251 composite?
False
Is 21985 a composite number?
True
Is 246341 a composite number?
True
Is 121001 a prime number?
True
Is 7817 composite?
False
Is 3019 prime?
True
Is 8279 a prime number?
False
Is 17519 a prime number?
True
Is 37159 prime?
True
Is 11189 a composite number?
True
Is 1217 prime?
True
Is 36373 a prime number?
True
Is 403539 a composite number?
True
Is 95701 a prime number?
True
Is 34273 a composite number?
False
Is 2377883 prime?
True
Is 461339 prime?
False
Is 10903 a prime number?
True
Is 89041 a prime number?
True
Is 8287 composite?
False
Is 422078 composite?
True
Is 1217 composite?
False
Is 7993 a prime number?
True
Is 7616767 prime?
True
Is 61573 prime?
False
Is 5090885 composite?
True
Is 110557 composite?
False
Is 15581 composite?
False
Is 13367 a composite number?
False
Is 242479 a prime number?
True
Is 276517 composite?
False
Is 153059 a prime number?
True
Is 664259 prime?
False
Is 123229 a composite number?
False
Is 19243 prime?
False
Is 89371 a composite number?
False
Is 41467 composite?
False
Is 33253 a composite number?
True
Is 6341 a composite number?
True
Is 43711 a prime number?
True
Is 25501 a prime number?
False
Is 61394 a composite number?
True
Is 673 a prime number?
True
Is 28333 a composite number?
True
Is 227503 a prime number?
False
Is 226223 composite?
True
Is 319159 a prime number?
True
Is 1531 a composite number?
False
Is 17873 a prime number?
False
Is 21683 composite?
False
Is 240421 prime?
True
Is 167807 a composite number?
True
Is 3096151 prime?
True
Is 943 composite?
True
Is 12499 a composite number?
True
Is 35791 a composite number?
True
Is 311533 a composite number?
False
Is 13579 prime?
False
Is 223 a prime number?
True
Is 2791733 a prime number?
False
Is 122021 prime?
True
Is 67 prime?
True
Is 2103667 a composite number?
False
Is 9527 prime?
False
Is 64271 composite?
False
Is 11351 a composite number?
False
Is 5737 prime?
True
Is 147449 a composite number?
False
Is 23849 a prime number?
False
Is 22541 a prime numbe